ate the remainder when 18 is divided by x(f).
3
Let o(u) = -u**2 - u + 1. Let d be o(-2). What is the remainder when (-21 - 0/1)/d is divided by 12?
9
Suppose 8*l - 14*l = -108. Let d(k) = k**3 - 2*k**2 + k + 1. Let n be d(2). Let v = 38 - n. What is the remainder when v is divided by l?
17
Suppose -n - 87 = 2*x, 0 = n - 5*x + 13 + 102. Let w = -172 - n. Let i = -42 - w. Calculate the remainder when i is divided by 18.
17
Suppose 6*d = 4*d + 8. Let k(j) = 8*j - 10. Calculate the remainder when 63 is divided by k(d).
19
Let w be -3*(2 + -4 + 1). Suppose w*b - 18 = 3*x, 0*b + b = -2*x + 18. Suppose a + 4*a - 2*r = 22, 2*a = -2*r + 6. What is the remainder when b is divided by a?
2
Suppose -4*b - 50 = -2*g, -2*b = -6*b + 16. Suppose 0*v - g = -3*v. Calculate the remainder when v is divided by (-176)/(-55) - 4/(-5).
3
Let v(x) be the third derivative of x**5/12 + x**4/24 + x**3/3 + 2*x**2. Calculate the remainder when 11 is divided by v(-1).
5
Suppose -a = a - 20. Suppose u = 6*u - a. What is the remainder when u is divided by 2?
0
Let k be (-2 - -13) + (-1 - -3). Let t be k/3 + (-3)/9. Suppose -t*d = 6*f - 3*f - 53, 0 = d - 5. Calculate the remainder when 31 is divided by f.
9
Let y(x) = 4*x - 41. What is the remainder when 187 is divided by y(17)?
25
Suppose -j + 159 = 5*t, -t + 38 - 1 = -5*j. Calculate the remainder when 127 is divided by t.
31
What is the remainder when -83*(1 + -1 + -1) is divided by 28?
27
Suppose 8*c - 11*c = -9. What is the remainder when 11 is divided by c?
2
Suppose 2*x + 3*x - 2*u = 265, 5*x + 2*u = 265. Calculate the remainder when x is divided by 14.
11
Suppose -2*y + 4*f = -8, -f + 2*f = -4*y - 11. What is the remainder when (y - -13) + (-6)/(-3) is divided by 7?
6
Let q = 29 + -9. What is the remainder when q is divided by 8?
4
Let b(g) = 2*g - 2. Let d be b(3). Suppose -2*q + 18 = -3*v, -d*q + 0*v = 2*v - 4. What is the remainder when 13 is divided by 3 + (1 - 2) + q?
3
Let j be (-4 - -7)/(3/2). Suppose -11 = -j*c + 1. What is the remainder when 546/9 - (-2)/c is divided by 21?
19
Let d = 275 - 156. Calculate the remainder when d is divided by 31.
26
Let r(a) = a**2 + 4*a + 2. Suppose -g = 5*f - 36, 2*g = f + 9 + 8. Let p = 16 - g. Calculate the remainder when p is divided by r(-4).
1
Let z be (-1)/3 - (-316)/12. Let q = z + -9. Calculate the remainder when 31 is divided by q.
14
Let i(f) = -f**3 - 9*f**2 - 11*f - 11. Let v be i(-8). Let h = v - -5. Calculate the remainder when 52 is divided by h.
16
Let p(s) = s + 7. Let i be p(-7). Let r(l) = l + 5. Let n be r(i). Suppose 5*k - 18 = -2*v, 4*v + 14 = -n*k + 40. What is the remainder when 4 is divided by k?
0
Let i(n) = 9*n - 1. Suppose -h = -2*h. Let d = h - -2. Calculate the remainder when 33 is divided by i(d).
16
Let o be 168/78 - 4/26. Suppose q = o*q - 39. Suppose 0 = -2*u - 3*n + 25, -2*u + 0*n = -4*n - 60. Calculate the remainder when q is divided by u.
19
Let m(f) be the second derivative of f**4/4 - f**3/6 - f**2/2 + 2*f. Let q(o) = o + 4. Let p be q(-6). What is the remainder when m(p) is divided by 5?
3
Suppose -b + g + 67 = 16, -g = -2*b + 105. Let m = 28 - 76. Let z = -29 - m. What is the remainder when b is divided by z?
16
What is the remainder when ((-195)/(-6) + -3)*2 is divided by 12?
11
Let p be 87/((30/(-4))/(-5)). Suppose s = 2*s + p. Let w = s - -104. Calculate the remainder when w is divided by 16.
14
Let w(j) = -j**3 - j**2 - j + 32. Let c be -1 - ((-1 - 0) + 0). Suppose f - 13 = -v, 3*v - f - 25 = 3*f. What is the remainder when w(c) is divided by v?
10
Let m = -35 - -59. Calculate the remainder when 47 is divided by 10/3*m/5.
15
Suppose -2*c + 7*c - 2*o = 170, 4*o = 0. Calculate the remainder when c is divided by 5.
4
Let n(x) = 4*x + 2. Let g be n(5). Suppose g*q - 21*q = 64. Calculate the remainder when q is divided by 22.
20
Suppose 3*c + 4*q = 2*c + 9, 29 = 2*c - 3*q. What is the remainder when c is divided by ((-2)/12)/(5/(-30)) - -3?
1
Let b(c) = -7*c + 13. What is the remainder when b(-5) is divided by 26?
22
Let j = 70 + 28. What is the remainder when j is divided by 25?
23
Suppose 0 = -5*f + 3*q + 87, 68 = 4*f + q - 5. What is the remainder when 50 is divided by f?
14
Let c(p) = 2*p - 6. Let j be c(6). Suppose 0 = -y + j*y - 2*h - 43, -10 = -2*y - h. Calculate the remainder when y is divided by 4.
3
Let p(i) = 2*i**2 - 8*i + 4. Let d be p(5). Suppose -2*j + 4*j = d. Calculate the remainder when j is divided by 5.
2
Let d(c) be the third derivative of -c**5/60 - c**4/24 - c**2. Let r be d(0). Calculate the remainder when -2 + (1 + r)*17 is divided by 4.
3
Let y = 9 - -5. What is the remainder when 26 + 0/(0 + 3) is divided by y?
12
Let r = 16 + -6. Calculate the remainder when 18 is divided by r.
8
Let m = 20 + -18. What is the remainder when m is divided by 2?
0
Let b = -71 + 101. What is the remainder when b is divided by 11?
8
Let u(d) = 9*d**2 - d - 3. Let w be ((-1)/(-2) - -1)*-4. Let c = 18 + w. What is the remainder when u(-2) is divided by c?
11
Let m be (-2)/5 + (-246)/10. Let z = 37 + m. Let o = 0 + z. Calculate the remainder when 34 is divided by o.
10
Suppose -366 = -5*i + 2*f, 3*f + 90 - 22 = i. Calculate the remainder when i is divided by 38.
36
Suppose 2*o + 5*u + 2 = 4, -3*o + 2*u + 41 = 0. Calculate the remainder when 97 is divided by o.
9
Let t = -3 - -7. Suppose g = d - 10, -2*d + t*d - 24 = 3*g. What is the remainder when 1/(-2*(-1)/22) is divided by d?
5
Let r(y) = 9*y**2 + 2*y + 3. Suppose 2*w - 27 - 9 = 0. What is the remainder when r(-2) is divided by w?
17
Let i = 35 + -23. What is the remainder when 58 is divided by i?
10
Suppose 0 = 4*z + 4*t + 344, -5*t + 398 = -5*z - 2*t. Let v = 130 + z. Suppose 5*h - 2*h - v = 0. Calculate the remainder when h is divided by 6.
4
Suppose -33 = 3*v - 84. What is the remainder when v is divided by 7 - ((1 - 3) + 0)?
8
Let x = -32 + 63. Calculate the remainder when x is divided by 13.
5
Suppose 2*r + 5*x - 62 = 0, 34 = 2*r - 4*x + 2*x. Suppose f - 4*f = -12. Suppose -f*p - 17 = -61. What is the remainder when r is divided by p?
10
Let t be (-2)/4*(4 + -2). Let d be (-1)/((2 + t)/2). What is the remainder when -1*(-13 - 2) - d is divided by 6?
5
Suppose -3*b - 2*b + 150 = 0. Suppose 0 = -2*l - 4, 4*l = 2*k + 8*l. Suppose -k*f = -f - b. Calculate the remainder when 18 is divided by f.
8
Let m = -21 + 28. Calculate the remainder when 12 is divided by m.
5
Suppose 234 = -0*w + 9*w. Calculate the remainder when w is divided by 3.
2
Let s = 135 + -51. What is the remainder when s is divided by 29?
26
Suppose -g = 5*d - 9, 0 = 3*d - 8*d + 15. Calculate the remainder when 4 is divided by (-12)/8*8/g.
0
Let z(c) = 4*c**2 - 3*c + 2. Let u(h) = 5*h. What is the remainder when z(3) is divided by u(3)?
14
Calculate the remainder when ((-1)/3)/((-7)/651) is divided by 8.
7
Suppose 0 = -5*g - 4 + 54. Let p(m) = -2*m - 8. Let a(c) = -c - 7. Let o(u) = -6*a(u) + 5*p(u). What is the remainder when o(-4) is divided by g?
8
Suppose 8*z - 3*z - 61 = 2*a, -3*z + 41 = a. Calculate the remainder when z is divided by 8.
5
Suppose 48*z + 42 = 51*z. Calculate the remainder when 41 is divided by z.
13
Calculate the remainder when (87/(-12))/(4/(-16)) + 0 is divided by 6.
5
Let w(y) be the third derivative of y**5/60 + 7*y**4/24 + 4*y**3/3 - 2*y**2. What is the remainder when 31 is divided by w(-7)?
7
Let h = -409 + 413. Let d(p) = -p**2 + 8*p - 3. What is the remainder when d(6) is divided by h?
1
Calculate the remainder when (70/(-4))/(0 + (-4)/8) is divided by 19.
16
Let y be 90 - ((-3 - -2) + 2). Suppose -2*l + 17 = -y. Suppose 5*z = -5*v + 65, 5*z - 66 = -4*v + 4. What is the remainder when l is divided by z?
17
Let s(c) = 2*c**2 - 10*c + 5. Let h(k) = -3*k**2 + 15*k - 8. Let d(m) = 5*h(m) + 8*s(m). What is the remainder when 55 is divided by d(7)?
13
Let l(o) = -31*o - 3. Let t = 34 - 5. Let x = t - 14. What is the remainder when l(-2) is divided by x?
14
Suppose -w - 2 = 1. What is the remainder when 4/6 + (-1)/w is divided by 1?
0
Suppose 6 + 0 = 3*z. Calculate the remainder when 37 is divided by z*(3 - 4/(-2)).
7
Suppose 4*t + 15 = 39. Calculate the remainder when 23 is divided by t.
5
Suppose 0 = 4*h - 12 - 20. What is the remainder when 39 is divided by h?
7
Suppose -2*v + 0 - 4 = -4